{"id":608,"date":"2014-02-13T11:41:30","date_gmt":"2014-02-13T10:41:30","guid":{"rendered":"https:\/\/wordpress.labs.fhv.at\/openlabs\/?page_id=608"},"modified":"2015-04-28T16:08:50","modified_gmt":"2015-04-28T14:08:50","slug":"leistungselektronik","status":"publish","type":"page","link":"https:\/\/wordpress.labs.fhv.at\/openlabs\/unterwasser-lampecomputer\/leistungselektronik\/","title":{"rendered":"Leistungselektronik"},"content":{"rendered":"<p>F\u00fcr die Ansteuerung der Leds wird eine Konstantstromquelle ben\u00f6tigt, hier gibt es lineare oder getaktet.<\/p>\n<p>Mein Led Array f\u00fcr die Videobeleuchtung ben\u00f6tigt ca. 40V, um diese Spannung liefern zu k\u00f6nnen ben\u00f6tige ich entweder einen Akku der mehr als 40V liefert oder eine boost bzw. step up KSQ.<\/p>\n<p><strong>Was ist eine Konstantstromquelle:<\/strong><\/p>\n<p><em>&#8222;Eine Konstantstromquelle ist eine Schaltung, deren Zweck es ist, den Strom durch eine Last (z. B. eine LED) m\u00f6glichst konstant zu halten, das hei\u00dft \u00c4nderungen des Stroms durch Variationen der Betriebsspannung und\/oder des Lastwiderstands entgegen zu wirken.&#8220;<br \/>\nhttp:\/\/www.mikrocontroller.net\/articles\/Konstantstromquelle, (15.Januar 2014)<\/em><\/p>\n<p><strong>Warum wird eine Konstantstromquelle ben\u00f6tigt:<\/strong><\/p>\n<p><em>&#8222;Die einfache LED-Schaltung mit einem Vorwiderstand reicht f\u00fcr viele F\u00e4lle aus, hat aber einen Nachteil: Der Diodenstrom ist stark abh\u00e4ngig von der Batteriespannung. Praktisch muss man f\u00fcr jede Spannung einen eigenen Widerstand bestimmen. Dagegen hilft eine einfache Schaltung, die Konstantstromquelle. Ihr Ausgangsstrom ist weitgehend unabh\u00e4ngig von der Eingangsspannung und vom Spannungsabfall am Verbraucher.&#8220;<br \/>\nhttp:\/\/www.elexs.de\/led2.htm, (13.Februar 2014)<br \/>\n<\/em><\/p>\n<p><strong>verwendete Konstantstromquelle:<\/strong><\/p>\n<p>Die boostup KSQ wird \u00fcber\u00a0pcb-components.de bezogen, f\u00fcr beide Leds werden<br \/>\n2 unabh\u00e4ngige KSQ ben\u00f6tigt. Die\u00a0<a href=\"http:\/\/pcb-components.de\/index.php?page=shop.product_details&amp;flypage=garden_flypage.tpl&amp;product_id=107&amp;category_id=7&amp;option=com_virtuemart&amp;Itemid=64\">Led Senser Xtreme<\/a>\u00a0erweist sich f\u00fcr mein Vorhaben als perfekt.<\/p>\n<div style=\"width: 210px\" class=\"wp-caption alignnone\"><a href=\"http:\/\/pcb-components.de\/index.php?page=shop.product_details&amp;flypage=garden_flypage.tpl&amp;product_id=107&amp;category_id=7&amp;option=com_virtuemart&amp;Itemid=64\"><img loading=\"lazy\" decoding=\"async\" alt=\"\" src=\"http:\/\/pcb-components.de\/components\/com_virtuemart\/shop_image\/product\/resized\/Led_Senser_Xtrem_4e1b4f194eb86_100x100.png\" width=\"200\" height=\"200\" \/><\/a><p class=\"wp-caption-text\">Bild 4: Led Sensor Xtreme<\/p><\/div>\n<ul>\n<li>Eingangsspannungsbereich ca.6-40V\/DC \/ 8 Ampere ! Maximalstrom (Eingangsseitig)<\/li>\n<li>Ausgangsspannung bis zu 65 Volt (Entspricht ca.20 wei\u00dfen Highpower Leds, bei anderen Farben entsprechend mehr)<\/li>\n<li>Ausgangsstrom: 200\/350\/500\/550\/700\/850\/1000\/1050\/1200\/1350\/1500\/1550\/1700\/1850\/2050mA bis 3050mA<\/li>\n<li>\u00dcber 100 Watt Led Leistung<\/li>\n<li>Integrierter Temperatursensor (Stromreduzierung bei zu hoher Temperatur)<\/li>\n<li>Externer PWM sowie Externer Abschalt- und Einschalteingang (DC)<\/li>\n<\/ul>\n<p>F\u00fcr die Dimmung der Led ist der PWM Eingang wichtig, dieser wird \u00fcber einen Arudino mini angesteuert.<\/p>\n<p>&nbsp;<\/p>\n<p><a href=\"https:\/\/wordpress.labs.fhv.at\/openlabs\/laufende-projekte\/unterwasser-lampecomputer\/\">Zur\u00fcck<\/a><\/p>\n","protected":false},"excerpt":{"rendered":"<p>F\u00fcr die Ansteuerung der Leds wird eine Konstantstromquelle ben\u00f6tigt, hier gibt es lineare oder getaktet. Mein Led Array f\u00fcr die Videobeleuchtung ben\u00f6tigt ca. 40V, um diese Spannung liefern zu k\u00f6nnen ben\u00f6tige ich entweder einen Akku der mehr als 40V liefert &hellip; <a href=\"https:\/\/wordpress.labs.fhv.at\/openlabs\/unterwasser-lampecomputer\/leistungselektronik\/\">Weiterlesen <span class=\"meta-nav\">&rarr;<\/span><\/a><\/p>\n","protected":false},"author":114,"featured_media":0,"parent":469,"menu_order":0,"comment_status":"closed","ping_status":"closed","template":"","meta":{"footnotes":""},"class_list":["post-608","page","type-page","status-publish","hentry"],"_links":{"self":[{"href":"https:\/\/wordpress.labs.fhv.at\/openlabs\/wp-json\/wp\/v2\/pages\/608","targetHints":{"allow":["GET"]}}],"collection":[{"href":"https:\/\/wordpress.labs.fhv.at\/openlabs\/wp-json\/wp\/v2\/pages"}],"about":[{"href":"https:\/\/wordpress.labs.fhv.at\/openlabs\/wp-json\/wp\/v2\/types\/page"}],"author":[{"embeddable":true,"href":"https:\/\/wordpress.labs.fhv.at\/openlabs\/wp-json\/wp\/v2\/users\/114"}],"replies":[{"embeddable":true,"href":"https:\/\/wordpress.labs.fhv.at\/openlabs\/wp-json\/wp\/v2\/comments?post=608"}],"version-history":[{"count":4,"href":"https:\/\/wordpress.labs.fhv.at\/openlabs\/wp-json\/wp\/v2\/pages\/608\/revisions"}],"predecessor-version":[{"id":648,"href":"https:\/\/wordpress.labs.fhv.at\/openlabs\/wp-json\/wp\/v2\/pages\/608\/revisions\/648"}],"up":[{"embeddable":true,"href":"https:\/\/wordpress.labs.fhv.at\/openlabs\/wp-json\/wp\/v2\/pages\/469"}],"wp:attachment":[{"href":"https:\/\/wordpress.labs.fhv.at\/openlabs\/wp-json\/wp\/v2\/media?parent=608"}],"curies":[{"name":"wp","href":"https:\/\/api.w.org\/{rel}","templated":true}]}}