{"id":347,"date":"2013-06-21T13:39:23","date_gmt":"2013-06-21T11:39:23","guid":{"rendered":"https:\/\/wordpress.labs.fhv.at\/openlabs\/?page_id=347"},"modified":"2015-04-28T16:08:50","modified_gmt":"2015-04-28T14:08:50","slug":"impressum-2","status":"publish","type":"page","link":"https:\/\/wordpress.labs.fhv.at\/openlabs\/impressum-2\/","title":{"rendered":"Impressum"},"content":{"rendered":"<p>Angaben gem\u00e4\u00df \u00a7 5 E-Commerce-Gesetz und \u00a7 25 Mediengesetz:<\/p>\n<div>Fachhochschule Vorarlberg GmbH<\/div>\n<div>Hochschulstra\u00dfe 1<\/div>\n<div>6850 Dornbirn<\/div>\n<div>\u00d6sterreich<\/div>\n<p>&nbsp;<\/p>\n<div>Firmenbuchnummer<em id=\"__mceDel\">: FN 165415h<\/em><\/div>\n<div>Firmenbuchgericht Feldkirch<\/div>\n<div>UID: ATU 38076103DVR 0752614<\/div>\n<div>EORI: ATEOS1000019493<\/div>\n<div><\/div>\n<div>\u00a0Den Unternehmensgegenstand finden Sie\u00a0<a href=\"http:\/\/www.fhv.at\/organisation\">hier<\/a>\u00a0Urheberrecht und<\/div>\n<div><em id=\"__mceDel\">\u00a0<\/em><\/div>\n<div>\n<h2><em id=\"__mceDel\" style=\"color: #000000;font-weight: bold\">Nutzungsbedingungen<\/em><\/h2>\n<p>Das Urheberrecht liegt bei den AutorInnen. Wir freuen uns, wenn Inhalte unserer Webseiten weiterverwendet werden, die FH Vorarlberg bzw. ihre Tochtergesellschaft Schloss Hofen muss jedoch stets als Quelle genannt werden. Die urheberrechtlichen Werknutzungsbedingungen entsprechen der Creative Commons Attribution-Share Alike 3.0 Austria Lizenz.<\/p>\n<p><a href=\"http:\/\/creativecommons.org\/licenses\/by-sa\/3.0\/at\/\" target=\"_blank\" rel=\"license\"><img decoding=\"async\" alt=\"Creative Commons License\" src=\"http:\/\/i.creativecommons.org\/l\/by-sa\/3.0\/at\/88x31.png\" \/><\/a><\/p>\n<p>Die Bildmarke der FH Vorarlberg (Logo) und ihrer Tochtergesellschaft Schloss Hofen d\u00fcrfen nur von Partnern verwendet werden, die in einer Vertragsbeziehung mit der FH Vorarlberg bzw. ihrer Tochtergesellschaft Schloss Hofen stehen.<\/p>\n<p>Andere Nutzungen bed\u00fcrfen der vorigen Zustimmung des\u00a0<a href=\"mailto:marketing@fhv.at\">Marketingleiters<\/a>.<\/p>\n<p>&nbsp;<\/p>\n<h2>Haftung<\/h2>\n<p>Es kann keine Gew\u00e4hr f\u00fcr die Richtigkeit, Vollst\u00e4ndigkeit und Aktualit\u00e4t der im Internet zur Verf\u00fcgung gestellten Informationen \u00fcbernommen werden. Jede Haftung f\u00fcr unmittelbare, mittelbare oder sonstige Sch\u00e4den, unabh\u00e4ngig von deren Ursachen, die aus der Ben\u00fctzung oder Nichtverf\u00fcgbarkeit der Daten und Informationen dieser Homepage erwachsen, wird, soweit nicht gesetzliche Regelungen entgegenstehen, ausgeschlossen. Die Links zu anderen Websites wurden sorgf\u00e4ltig ausgew\u00e4hlt. Die FH Vorarlberg und ihre Tochtergesellschaft Schloss Hofen \u00fcbernehmen jedoch keine Haftung f\u00fcr deren Inhalte, aus welchem Rechtsgrund auch immer.<\/p>\n<p>&nbsp;<\/p>\n<h2>Datenschutz<\/h2>\n<h3>Piwik<\/h3>\n<div>Dieses Angebot benutzt Piwik, eine Open-Source-Software zur statistischen Auswertung der Nutzerzugriffe. Piwik verwendet sog. \u201cCookies\u201d, Textdateien, die auf dem Computer der Nutzer gespeichert werden und die eine Analyse der Benutzung der Website durch die Nutzer erm\u00f6glichen. Die durch den Cookie erzeugten Informationen \u00fcber die Benutzung dieses Agebotes werden auf dem Server des Anbieters in Deutschland gespeichert. Die IP-Adresse wird sofort nach der Verarbeitung und vor deren Speicherung anonymisiert. Nutzer k\u00f6nnen die Installation der Cookies durch eine entsprechende Einstellung Ihrer Browser-Software verhindern; Der Anbieter weisen die Nutzer jedoch darauf hin, dass sie in diesem Fall gegebenenfalls nicht s\u00e4mtliche Funktionen dieser Website vollumf\u00e4nglich nutzen k\u00f6nnen.<\/div>\n<div><iframe loading=\"lazy\" style=\"border: 0; height: 200px; width: 600px;\" src=\"https:\/\/piwik.fhv.at\/piwik\/index.php?module=CoreAdminHome&amp;action=optOut&amp;language=de\" height=\"240\" width=\"320\"><\/iframe><\/div>\n","protected":false},"excerpt":{"rendered":"<p>Angaben gem\u00e4\u00df \u00a7 5 E-Commerce-Gesetz und \u00a7 25 Mediengesetz: Fachhochschule Vorarlberg GmbH Hochschulstra\u00dfe 1 6850 Dornbirn \u00d6sterreich &nbsp; Firmenbuchnummer: FN 165415h Firmenbuchgericht Feldkirch UID: ATU 38076103DVR 0752614 EORI: ATEOS1000019493 \u00a0Den Unternehmensgegenstand finden Sie\u00a0hier\u00a0Urheberrecht und \u00a0 Nutzungsbedingungen Das Urheberrecht liegt bei &hellip; <a href=\"https:\/\/wordpress.labs.fhv.at\/openlabs\/impressum-2\/\">Weiterlesen <span class=\"meta-nav\">&rarr;<\/span><\/a><\/p>\n","protected":false},"author":49,"featured_media":0,"parent":0,"menu_order":0,"comment_status":"closed","ping_status":"open","template":"","meta":{"footnotes":""},"class_list":["post-347","page","type-page","status-publish","hentry"],"_links":{"self":[{"href":"https:\/\/wordpress.labs.fhv.at\/openlabs\/wp-json\/wp\/v2\/pages\/347","targetHints":{"allow":["GET"]}}],"collection":[{"href":"https:\/\/wordpress.labs.fhv.at\/openlabs\/wp-json\/wp\/v2\/pages"}],"about":[{"href":"https:\/\/wordpress.labs.fhv.at\/openlabs\/wp-json\/wp\/v2\/types\/page"}],"author":[{"embeddable":true,"href":"https:\/\/wordpress.labs.fhv.at\/openlabs\/wp-json\/wp\/v2\/users\/49"}],"replies":[{"embeddable":true,"href":"https:\/\/wordpress.labs.fhv.at\/openlabs\/wp-json\/wp\/v2\/comments?post=347"}],"version-history":[{"count":17,"href":"https:\/\/wordpress.labs.fhv.at\/openlabs\/wp-json\/wp\/v2\/pages\/347\/revisions"}],"predecessor-version":[{"id":750,"href":"https:\/\/wordpress.labs.fhv.at\/openlabs\/wp-json\/wp\/v2\/pages\/347\/revisions\/750"}],"wp:attachment":[{"href":"https:\/\/wordpress.labs.fhv.at\/openlabs\/wp-json\/wp\/v2\/media?parent=347"}],"curies":[{"name":"wp","href":"https:\/\/api.w.org\/{rel}","templated":true}]}}