{"id":324,"date":"2013-06-08T15:35:50","date_gmt":"2013-06-08T13:35:50","guid":{"rendered":"https:\/\/wordpress.labs.fhv.at\/openlabs\/?page_id=324"},"modified":"2015-04-28T16:08:50","modified_gmt":"2015-04-28T14:08:50","slug":"projektstand-mai-2013","status":"publish","type":"page","link":"https:\/\/wordpress.labs.fhv.at\/openlabs\/archiv\/rocon360\/projektstand-mai-2013\/","title":{"rendered":"Projektstand Mai 2013"},"content":{"rendered":"<p>Wir haben endlich ein Konstruktionsprinizip gefunden, von dem wir \u00fcberzeugt sind und setzen dieses zur Zeit als 3D-Zeichnung um. Viele Details, wenig Platz und immer wieder die Fragen &#8222;k\u00f6nnen wir das fertigen ?&#8220; und &#8222;h\u00e4lt das ?&#8220;<\/p>\n<p><img decoding=\"async\" title=\"Weiterlesen \u2026\" alt=\"\" src=\"https:\/\/wordpress.labs.fhv.at\/openlabs\/wp-includes\/js\/tinymce\/plugins\/wordpress\/img\/trans.gif\" \/><\/p>\n<div>\n<dl id=\"attachment_261\">\n<dt><a href=\"https:\/\/wordpress.labs.fhv.at\/wp-content\/uploads\/sites\/17\/2013\/05\/entwurf_02_explosive_01_crop.jpg\"><img loading=\"lazy\" decoding=\"async\" alt=\"ROCON360 | Explosionsansicht der B-Achse (Entwurf)\" src=\"https:\/\/wordpress.labs.fhv.at\/wp-content\/uploads\/sites\/17\/2013\/05\/entwurf_02_explosive_01_crop-1024x575.jpg\" width=\"584\" height=\"327\" \/><\/a><\/dt>\n<dd>ROCON360 | Explosionsansicht der B-Achse (Entwurf)<\/dd>\n<\/dl>\n<\/div>\n<p>Beim Openlabs-Treffen am 18.06. wollen wir die Konstruktion den anderen Teams vorstellen &#8211; s\u00e4mtliche technische Zeichnungen m\u00fcssen bis dahin fertig gestellt werden, auftretende Kr\u00e4fte berechnet und Materialentscheidungen getroffen werden. Au\u00dferdem soll die Dokumentation auf den aktuellen Stand gebracht werden.<\/p>\n<div>\n<dl id=\"attachment_266\">\n<dt><a href=\"https:\/\/wordpress.labs.fhv.at\/wp-content\/uploads\/sites\/17\/2013\/05\/entwurf_02_assembly_01.jpg\"><img loading=\"lazy\" decoding=\"async\" alt=\"ROCON360 | Funktionsmodell (Entwurf)\" src=\"https:\/\/wordpress.labs.fhv.at\/wp-content\/uploads\/sites\/17\/2013\/05\/entwurf_02_assembly_01-1024x576.jpg\" width=\"584\" height=\"328\" \/><\/a><\/dt>\n<dd>ROCON360 | Funktionsmodell (Entwurf)<\/dd>\n<\/dl>\n<\/div>\n","protected":false},"excerpt":{"rendered":"<p>Wir haben endlich ein Konstruktionsprinizip gefunden, von dem wir \u00fcberzeugt sind und setzen dieses zur Zeit als 3D-Zeichnung um. Viele Details, wenig Platz und immer wieder die Fragen &#8222;k\u00f6nnen wir das fertigen ?&#8220; und &#8222;h\u00e4lt das ?&#8220; ROCON360 | Explosionsansicht &hellip; <a href=\"https:\/\/wordpress.labs.fhv.at\/openlabs\/archiv\/rocon360\/projektstand-mai-2013\/\">Weiterlesen <span class=\"meta-nav\">&rarr;<\/span><\/a><\/p>\n","protected":false},"author":49,"featured_media":0,"parent":2,"menu_order":0,"comment_status":"closed","ping_status":"closed","template":"","meta":{"footnotes":""},"class_list":["post-324","page","type-page","status-publish","hentry"],"_links":{"self":[{"href":"https:\/\/wordpress.labs.fhv.at\/openlabs\/wp-json\/wp\/v2\/pages\/324","targetHints":{"allow":["GET"]}}],"collection":[{"href":"https:\/\/wordpress.labs.fhv.at\/openlabs\/wp-json\/wp\/v2\/pages"}],"about":[{"href":"https:\/\/wordpress.labs.fhv.at\/openlabs\/wp-json\/wp\/v2\/types\/page"}],"author":[{"embeddable":true,"href":"https:\/\/wordpress.labs.fhv.at\/openlabs\/wp-json\/wp\/v2\/users\/49"}],"replies":[{"embeddable":true,"href":"https:\/\/wordpress.labs.fhv.at\/openlabs\/wp-json\/wp\/v2\/comments?post=324"}],"version-history":[{"count":2,"href":"https:\/\/wordpress.labs.fhv.at\/openlabs\/wp-json\/wp\/v2\/pages\/324\/revisions"}],"predecessor-version":[{"id":326,"href":"https:\/\/wordpress.labs.fhv.at\/openlabs\/wp-json\/wp\/v2\/pages\/324\/revisions\/326"}],"up":[{"embeddable":true,"href":"https:\/\/wordpress.labs.fhv.at\/openlabs\/wp-json\/wp\/v2\/pages\/2"}],"wp:attachment":[{"href":"https:\/\/wordpress.labs.fhv.at\/openlabs\/wp-json\/wp\/v2\/media?parent=324"}],"curies":[{"name":"wp","href":"https:\/\/api.w.org\/{rel}","templated":true}]}}