{"id":17,"date":"2013-04-08T10:33:54","date_gmt":"2013-04-08T08:33:54","guid":{"rendered":"https:\/\/wordpress.labs.fhv.at\/openlabs\/?page_id=17"},"modified":"2013-06-08T15:21:30","modified_gmt":"2013-06-08T13:21:30","slug":"area-2-5d","status":"publish","type":"page","link":"https:\/\/wordpress.labs.fhv.at\/openlabs\/area-2-5d\/","title":{"rendered":"AREA 2.5D"},"content":{"rendered":"<p>Ziel ist es eine funktionierende 2.5D CNC Fr\u00e4se zu bauen, welche danach Plattenwerkstoffe prim\u00e4r 2D bearbeiten kann (z.B. im Modellbau\u00a0werden oftmals Teile ben\u00f6tigt die von der Kontur her zwar simpel sind, aber noch entsprechend genau gefertigt werden sollten.<\/p>\n<p>Solche Teile sind\u00a0mit 3D Fr\u00e4sen schwer bis gar nicht erzeugbar. Die Materialwahl (gr\u00f6sstenteils CFK\/GFK) machen die Verwendung von Lasercuttern schwer bis\u00a0unm\u00f6glich) Genau in diese &#8222;L\u00fccke&#8220; soll sich das Projekt einf\u00fcgen.<\/p>\n<p>Weiters soll m\u00f6glich sein mit dem Endprodukt Gravuren zu fertigen. Auch der Einsatz eines Laserkopfes anstelle des Fr\u00e4skopfes ist angedacht\u00a0um z.B. Papier, Moosgummi,&#8230; zu schneiden k\u00f6nnen (Mechanik in diesem Bereich flexibel geplant).<\/p>\n<p>Als m\u00f6gliche Erweiterung des Projekt ist angedacht einfache 3D Teile (ohne Hinterschneidungen,&#8230;) im beschr\u00e4nktem Masse fertigen zu k\u00f6nnen.<\/p>\n<h2>Projektziele:<\/h2>\n<h4><a title=\"AREA 2.5D \u2013 Mechanik\" href=\"https:\/\/wordpress.labs.fhv.at\/openlabs\/laufende-projekte\/area-2-5d\/area-2-5d-mechanik\/\">Mechanik<\/a><\/h4>\n<ul>\n<li><span style=\"line-height: 1.714285714;font-size: 1rem\">entwickeln eines eigenen Aufbaus in Form einer Portalfr\u00e4se<\/span><\/li>\n<li><span style=\"line-height: 1.714285714;font-size: 1rem\">mechanisch erreichbare Positioniergenauigkeit von +-0.1mm<\/span><\/li>\n<li><span style=\"line-height: 1.714285714;font-size: 1rem\">verwindungssteife Konstruktion, die Verfahrgeschwindigkeiten von 5 m\/min erlaubt<\/span><\/li>\n<\/ul>\n<h4><a title=\"AREA 2.5D \u2013 Elektronik\" href=\"https:\/\/wordpress.labs.fhv.at\/openlabs\/laufende-projekte\/area-2-5d\/area-2-5d-elektronik\/\">Elektronik<\/a><\/h4>\n<ul>\n<li><span style=\"line-height: 1.714285714;font-size: 1rem\">Sicherheitssysteme<\/span><\/li>\n<li><span style=\"line-height: 1.714285714;font-size: 1rem\">Motorteiber selbst entwickeln unter Verwendung auf dem Markt erh\u00e4ltlicher ICs<\/span><\/li>\n<li><span style=\"line-height: 1.714285714;font-size: 1rem\">entwickeln einer Schaltung die pr\u00e4zises und wiederholbares Refernzieren der Fr\u00e4se erlaubt<\/span><\/li>\n<\/ul>\n<h4><a title=\"AREA 2.5D \u2013 Software\" href=\"https:\/\/wordpress.labs.fhv.at\/openlabs\/laufende-projekte\/area-2-5d\/area-2-5d-software\/\">Software<\/a><\/h4>\n<ul>\n<li><span style=\"line-height: 1.714285714;font-size: 1rem\">all-in-one -&gt; vom .dxf File zum gefr\u00e4sten Bauteil<\/span><\/li>\n<li><span style=\"line-height: 1.714285714;font-size: 1rem\">ohne Verwendung von externen PC unter Verwendung eines embedded Linux Systems<\/span><\/li>\n<li><span style=\"line-height: 1.714285714;font-size: 1rem\">direkte Kontrolle der Motoren ohne zus\u00e4tzlichen \u00b5C<\/span><\/li>\n<\/ul>\n<h2>Logo:<\/h2>\n<p>Mit dem Logo, einem Fr\u00e4skopf wird das Thema des Projektes aufgegriffen. Gleichzeitig soll durch Form und Farbe an jedem bekannte Warnschilder erinnert werden.<\/p>\n<p><a href=\"https:\/\/wordpress.labs.fhv.at\/openlabs\/area-2-5d\/logo_cnc_v3-2\/\" rel=\"attachment wp-att-104\"><img loading=\"lazy\" decoding=\"async\" class=\"alignnone size-medium wp-image-104\" alt=\"Logo_CNC_v3.2\" src=\"https:\/\/wordpress.labs.fhv.at\/wp-content\/uploads\/sites\/17\/2013\/04\/Logo_CNC_v3.2-300x123.jpg\" width=\"300\" height=\"123\" srcset=\"https:\/\/wordpress.labs.fhv.at\/openlabs\/wp-content\/uploads\/sites\/17\/2013\/04\/Logo_CNC_v3.2-300x123.jpg 300w, https:\/\/wordpress.labs.fhv.at\/openlabs\/wp-content\/uploads\/sites\/17\/2013\/04\/Logo_CNC_v3.2-1024x419.jpg 1024w, https:\/\/wordpress.labs.fhv.at\/openlabs\/wp-content\/uploads\/sites\/17\/2013\/04\/Logo_CNC_v3.2-624x255.jpg 624w\" sizes=\"auto, (max-width: 300px) 100vw, 300px\" \/><\/a><\/p>\n","protected":false},"excerpt":{"rendered":"<p>Ziel ist es eine funktionierende 2.5D CNC Fr\u00e4se zu bauen, welche danach Plattenwerkstoffe prim\u00e4r 2D bearbeiten kann (z.B. im Modellbau\u00a0werden oftmals Teile ben\u00f6tigt die von der Kontur her zwar simpel sind, aber noch entsprechend genau gefertigt werden sollten. Solche Teile &hellip; <a href=\"https:\/\/wordpress.labs.fhv.at\/openlabs\/area-2-5d\/\">Weiterlesen <span class=\"meta-nav\">&rarr;<\/span><\/a><\/p>\n","protected":false},"author":49,"featured_media":0,"parent":0,"menu_order":1,"comment_status":"closed","ping_status":"closed","template":"","meta":{"footnotes":""},"class_list":["post-17","page","type-page","status-publish","hentry"],"_links":{"self":[{"href":"https:\/\/wordpress.labs.fhv.at\/openlabs\/wp-json\/wp\/v2\/pages\/17","targetHints":{"allow":["GET"]}}],"collection":[{"href":"https:\/\/wordpress.labs.fhv.at\/openlabs\/wp-json\/wp\/v2\/pages"}],"about":[{"href":"https:\/\/wordpress.labs.fhv.at\/openlabs\/wp-json\/wp\/v2\/types\/page"}],"author":[{"embeddable":true,"href":"https:\/\/wordpress.labs.fhv.at\/openlabs\/wp-json\/wp\/v2\/users\/49"}],"replies":[{"embeddable":true,"href":"https:\/\/wordpress.labs.fhv.at\/openlabs\/wp-json\/wp\/v2\/comments?post=17"}],"version-history":[{"count":13,"href":"https:\/\/wordpress.labs.fhv.at\/openlabs\/wp-json\/wp\/v2\/pages\/17\/revisions"}],"predecessor-version":[{"id":384,"href":"https:\/\/wordpress.labs.fhv.at\/openlabs\/wp-json\/wp\/v2\/pages\/17\/revisions\/384"}],"wp:attachment":[{"href":"https:\/\/wordpress.labs.fhv.at\/openlabs\/wp-json\/wp\/v2\/media?parent=17"}],"curies":[{"name":"wp","href":"https:\/\/api.w.org\/{rel}","templated":true}]}}