{"id":145,"date":"2014-03-14T21:54:32","date_gmt":"2014-03-14T20:54:32","guid":{"rendered":"https:\/\/wordpress.labs.fhv.at\/openlabs\/?page_id=145"},"modified":"2015-04-28T16:08:50","modified_gmt":"2015-04-28T14:08:50","slug":"archiv","status":"publish","type":"page","link":"https:\/\/wordpress.labs.fhv.at\/openlabs\/archiv\/","title":{"rendered":"Archiv"},"content":{"rendered":"<p>Auf diesen Seiten werden die Projekte gesammelt, die <strong>erfolgreich abgeschlossen<\/strong> wurden oder <strong>vorzeitig beendet<\/strong> werden mussten.<\/p>\n<h1><a title=\"ROCON360\" href=\"https:\/\/wordpress.labs.fhv.at\/openlabs\/archiv\/rocon360\/\">ROCON360 | Beendet<img loading=\"lazy\" decoding=\"async\" class=\"alignright size-thumbnail wp-image-84\" alt=\"rocon360_logo_square\" src=\"https:\/\/wordpress.labs.fhv.at\/openlabs\/wp-content\/uploads\/sites\/17\/2013\/04\/rocon360_logo_square-150x150.jpg\" width=\"150\" height=\"150\" srcset=\"https:\/\/wordpress.labs.fhv.at\/openlabs\/wp-content\/uploads\/sites\/17\/2013\/04\/rocon360_logo_square-150x150.jpg 150w, https:\/\/wordpress.labs.fhv.at\/openlabs\/wp-content\/uploads\/sites\/17\/2013\/04\/rocon360_logo_square-300x300.jpg 300w, https:\/\/wordpress.labs.fhv.at\/openlabs\/wp-content\/uploads\/sites\/17\/2013\/04\/rocon360_logo_square-624x624.jpg 624w, https:\/\/wordpress.labs.fhv.at\/openlabs\/wp-content\/uploads\/sites\/17\/2013\/04\/rocon360_logo_square.jpg 658w\" sizes=\"auto, (max-width: 150px) 100vw, 150px\" \/><\/a><\/h1>\n<p><b>MotionControl f\u00fcr Fotografie und Film<br \/>\n<\/b>Entwicklung und Bau eines MotionControl-Systems<br \/>\nPan, Tilt und Roll f\u00fcr DSLR-Kameras<\/p>\n<p>November 2012 &#8211; M\u00e4rz 2014<\/p>\n","protected":false},"excerpt":{"rendered":"<p>Auf diesen Seiten werden die Projekte gesammelt, die erfolgreich abgeschlossen wurden oder vorzeitig beendet werden mussten. ROCON360 | Beendet MotionControl f\u00fcr Fotografie und Film Entwicklung und Bau eines MotionControl-Systems Pan, Tilt und Roll f\u00fcr DSLR-Kameras November 2012 &#8211; M\u00e4rz 2014<\/p>\n","protected":false},"author":49,"featured_media":0,"parent":0,"menu_order":0,"comment_status":"closed","ping_status":"open","template":"","meta":{"footnotes":""},"class_list":["post-145","page","type-page","status-publish","hentry"],"_links":{"self":[{"href":"https:\/\/wordpress.labs.fhv.at\/openlabs\/wp-json\/wp\/v2\/pages\/145","targetHints":{"allow":["GET"]}}],"collection":[{"href":"https:\/\/wordpress.labs.fhv.at\/openlabs\/wp-json\/wp\/v2\/pages"}],"about":[{"href":"https:\/\/wordpress.labs.fhv.at\/openlabs\/wp-json\/wp\/v2\/types\/page"}],"author":[{"embeddable":true,"href":"https:\/\/wordpress.labs.fhv.at\/openlabs\/wp-json\/wp\/v2\/users\/49"}],"replies":[{"embeddable":true,"href":"https:\/\/wordpress.labs.fhv.at\/openlabs\/wp-json\/wp\/v2\/comments?post=145"}],"version-history":[{"count":3,"href":"https:\/\/wordpress.labs.fhv.at\/openlabs\/wp-json\/wp\/v2\/pages\/145\/revisions"}],"predecessor-version":[{"id":723,"href":"https:\/\/wordpress.labs.fhv.at\/openlabs\/wp-json\/wp\/v2\/pages\/145\/revisions\/723"}],"wp:attachment":[{"href":"https:\/\/wordpress.labs.fhv.at\/openlabs\/wp-json\/wp\/v2\/media?parent=145"}],"curies":[{"name":"wp","href":"https:\/\/api.w.org\/{rel}","templated":true}]}}