{"id":14,"date":"2020-03-26T18:48:22","date_gmt":"2020-03-26T17:48:22","guid":{"rendered":"https:\/\/hydra.labs.fhv.at\/?page_id=14"},"modified":"2020-10-09T17:44:16","modified_gmt":"2020-10-09T16:44:16","slug":"faq","status":"publish","type":"page","link":"https:\/\/wordpress.labs.fhv.at\/hydra\/faq\/","title":{"rendered":"FAQ"},"content":{"rendered":"\n<h5 class=\"wp-block-heading\"><strong>Warum machen wir dieses Projekt?<\/strong><\/h5>\n\n\n\n<p>Ein Teil des Masterstudiums Energietechnik und Energiewirtschaft (ETW)  ist die Umsetzung eines Energieprojekts. In Teams widmen sich die  Studierenden  w\u00e4hrend des Studiums etwa 250 Stunden einem selbst  ausgew\u00e4hlten Projekt  mit Energiebezug. Unser Team hat den Vorschlag der  Studiengangsleitung  angenommen und ist voller Elan in die Umsetzung  eines ein Kleinwasserkraftwerk am FH Gel\u00e4nde, einem Projekt mit  langfristigem Nutzen, eingestiegen.<\/p>\n\n\n\n<h5 class=\"wp-block-heading\"><strong>Wie wird das Projekt finanziert?<\/strong><\/h5>\n\n\n\n<p>Zum derzeitigen Zeitpunkt ist dieser Punkt noch ungekl\u00e4rt. <\/p>\n\n\n\n<h5 class=\"wp-block-heading\"><strong>Wann steht das Kraftwerk?<\/strong><\/h5>\n\n\n\n<p>Zum derzeitigen Zeitpunkt ist dieser Punkt noch ungekl\u00e4rt.<\/p>\n\n\n\n<h5 class=\"wp-block-heading\"><strong>Wie sieht es mit der \u00f6kologischen Situation aus?<\/strong><\/h5>\n\n\n\n<p>Der  M\u00fcllerbach ist ein k\u00fcnstlich angelegter Werkskanal der im 19. Und 20.  Jahrhundert bis zu zw\u00f6lf verschiedene Firmenstandorte mit Energie  versorgt hat. Heute sind noch an drei Standorten Kleinkraftwerke in  Betrieb. Der Bach verl\u00e4uft zu gro\u00dfen Teilen unterirdisch.  Der Wasserpegel des M\u00fcllerbach schwankt stark und an mehreren Tagen im  Jahr liegt der Kanal trocken. Somit bietet der M\u00fcllerbach weder f\u00fcr  Flora noch f\u00fcr Fauna einen geeigneten Lebensraum. Ein weiteres  Kleinkraftwerk w\u00fcrde die \u00f6kologische Situation also nicht ver\u00e4ndern.<\/p>\n\n\n\n<h5 class=\"wp-block-heading\"><strong>Ist die FH Vorarlberg mit Kleinwasserkraftwerk energieautonom?<\/strong><\/h5>\n\n\n\n<p>Nein.  Nichts desto trotz stellt das geplante Kleinwasserkraftwerk einen  weiteren Schritt in Richtung Energieautonomie Vorarlberg 2050 dar.<\/p>\n\n\n\n<h5 class=\"wp-block-heading\"><strong>Welchen Nutzen bringt das Kraftwerk mit sich?<\/strong><\/h5>\n\n\n\n<p>Das geplante Kleinwasserkraftwerk produziert \u00d6kostrom, welcher  der FH Vorarlberg zur Verf\u00fcgung steht, es ist somit ein weiterer  Schritt in Richtung der geplanten Energieautonomie 2050 des Landes  Vorarlberg. Weiters soll es im Rahmen des Energiecampus der FH  Vorarlberg als Anschauungs- und Forschungsmodell dienen.<\/p>\n","protected":false},"excerpt":{"rendered":"<p>Warum machen wir dieses Projekt? Ein Teil des Masterstudiums Energietechnik und Energiewirtschaft (ETW) ist die Umsetzung eines Energieprojekts. In Teams widmen sich die Studierenden w\u00e4hrend des Studiums etwa 250 Stunden einem selbst ausgew\u00e4hlten Projekt mit Energiebezug. Unser Team hat den Vorschlag der Studiengangsleitung angenommen und ist voller Elan in die Umsetzung eines ein Kleinwasserkraftwerk am [&hellip;]<\/p>\n","protected":false},"author":281,"featured_media":0,"parent":0,"menu_order":0,"comment_status":"closed","ping_status":"closed","template":"","meta":{"footnotes":""},"class_list":["post-14","page","type-page","status-publish","hentry"],"_links":{"self":[{"href":"https:\/\/wordpress.labs.fhv.at\/hydra\/wp-json\/wp\/v2\/pages\/14","targetHints":{"allow":["GET"]}}],"collection":[{"href":"https:\/\/wordpress.labs.fhv.at\/hydra\/wp-json\/wp\/v2\/pages"}],"about":[{"href":"https:\/\/wordpress.labs.fhv.at\/hydra\/wp-json\/wp\/v2\/types\/page"}],"author":[{"embeddable":true,"href":"https:\/\/wordpress.labs.fhv.at\/hydra\/wp-json\/wp\/v2\/users\/281"}],"replies":[{"embeddable":true,"href":"https:\/\/wordpress.labs.fhv.at\/hydra\/wp-json\/wp\/v2\/comments?post=14"}],"version-history":[{"count":9,"href":"https:\/\/wordpress.labs.fhv.at\/hydra\/wp-json\/wp\/v2\/pages\/14\/revisions"}],"predecessor-version":[{"id":262,"href":"https:\/\/wordpress.labs.fhv.at\/hydra\/wp-json\/wp\/v2\/pages\/14\/revisions\/262"}],"wp:attachment":[{"href":"https:\/\/wordpress.labs.fhv.at\/hydra\/wp-json\/wp\/v2\/media?parent=14"}],"curies":[{"name":"wp","href":"https:\/\/api.w.org\/{rel}","templated":true}]}}