{"id":26,"date":"2020-04-23T16:03:21","date_gmt":"2020-04-23T16:03:21","guid":{"rendered":"https:\/\/brennstoffzelle.labs.fhv.at\/?page_id=26"},"modified":"2020-06-18T09:39:51","modified_gmt":"2020-06-18T09:39:51","slug":"das-team","status":"publish","type":"page","link":"https:\/\/wordpress.labs.fhv.at\/brennstoffzelle\/das-team\/","title":{"rendered":"das Team"},"content":{"rendered":"\n<p class=\"has-text-align-center\">Das Projekt wird von drei lernwilligen Studenten vorangetrieben welchen eine kompetente Betreuung zur Seite steht. <\/p>\n\n\n\n<hr class=\"wp-block-separator has-text-color has-background has-accent-background-color has-accent-color is-style-wide\" \/>\n\n\n\n<h2 class=\"has-text-align-center wp-block-heading\">Der Kopf<\/h2>\n\n\n\n<div class=\"wp-block-media-text alignwide is-stacked-on-mobile is-vertically-aligned-center\" style=\"grid-template-columns:32% auto\"><figure class=\"wp-block-media-text__media\"><img loading=\"lazy\" decoding=\"async\" width=\"1024\" height=\"1024\" src=\"http:\/\/wordpress.labs.fhv.at\/brennstoffzelle\/wp-content\/uploads\/sites\/41\/2020\/04\/Hintergrund_Frei-2-1024x1024.jpg\" alt=\"\" class=\"wp-image-32\" srcset=\"https:\/\/wordpress.labs.fhv.at\/brennstoffzelle\/wp-content\/uploads\/sites\/41\/2020\/04\/Hintergrund_Frei-2-1024x1024.jpg 1024w, https:\/\/wordpress.labs.fhv.at\/brennstoffzelle\/wp-content\/uploads\/sites\/41\/2020\/04\/Hintergrund_Frei-2-300x300.jpg 300w, https:\/\/wordpress.labs.fhv.at\/brennstoffzelle\/wp-content\/uploads\/sites\/41\/2020\/04\/Hintergrund_Frei-2-150x150.jpg 150w, https:\/\/wordpress.labs.fhv.at\/brennstoffzelle\/wp-content\/uploads\/sites\/41\/2020\/04\/Hintergrund_Frei-2-768x768.jpg 768w, https:\/\/wordpress.labs.fhv.at\/brennstoffzelle\/wp-content\/uploads\/sites\/41\/2020\/04\/Hintergrund_Frei-2-1536x1536.jpg 1536w, https:\/\/wordpress.labs.fhv.at\/brennstoffzelle\/wp-content\/uploads\/sites\/41\/2020\/04\/Hintergrund_Frei-2-2048x2048.jpg 2048w\" sizes=\"auto, (max-width: 1024px) 100vw, 1024px\" \/><\/figure><div class=\"wp-block-media-text__content\">\n<p style=\"font-size:24px\"><strong>Manuel Madlener<\/strong><\/p>\n\n\n\n<p><strong>Vorstudium:<\/strong><\/p>\n\n\n\n<p>Maschinenenbau &#8211; Fahrzeug Systemtechnik, DHBW Friedrichshafen <\/p>\n\n\n\n<p><strong>Berufserfahrung:<\/strong><\/p>\n\n\n\n<p>Planung von Automobil Rohbauanlagen <\/p>\n\n\n\n<p><strong>Was mich motiviert:<\/strong><\/p>\n\n\n\n<p>Die Brennstoffzellentechnologie finde ich spannend f\u00fcr zuk\u00fcnftige Antriebsl\u00f6sungen im Schwerlastverkehr und f\u00fcr dezentralen Energiespeicher in Kombination mit erneuerbaren Energien. <\/p>\n<\/div><\/div>\n\n\n\n<hr class=\"wp-block-separator has-text-color has-background has-accent-background-color has-accent-color is-style-wide\" \/>\n\n\n\n<h2 class=\"has-text-align-center wp-block-heading\">Der T\u00fcftler<\/h2>\n\n\n\n<div class=\"wp-block-media-text alignwide is-stacked-on-mobile is-vertically-aligned-center\" style=\"grid-template-columns:35% auto\"><figure class=\"wp-block-media-text__media\"><img loading=\"lazy\" decoding=\"async\" width=\"584\" height=\"553\" src=\"https:\/\/wordpress.labs.fhv.at\/brennstoffzelle\/wp-content\/uploads\/sites\/41\/2020\/06\/Portrait.jpeg\" alt=\"\" class=\"wp-image-113\" srcset=\"https:\/\/wordpress.labs.fhv.at\/brennstoffzelle\/wp-content\/uploads\/sites\/41\/2020\/06\/Portrait.jpeg 584w, https:\/\/wordpress.labs.fhv.at\/brennstoffzelle\/wp-content\/uploads\/sites\/41\/2020\/06\/Portrait-300x284.jpeg 300w\" sizes=\"auto, (max-width: 584px) 100vw, 584px\" \/><\/figure><div class=\"wp-block-media-text__content\">\n<p style=\"font-size:24px\"><strong>Florian Stemer<\/strong><\/p>\n\n\n\n<p><strong>Vorstudium:<\/strong><\/p>\n\n\n\n<p> Umwelt-, Verfahrens- und Energietechnik am MCI Innsbruck <\/p>\n\n\n\n<p><strong>Berufserfahrung:<\/strong><\/p>\n\n\n\n<p>Lehre als Elektrotechniker, Arbeit in der Elektrotechnik, Prim\u00e4rtechnik<\/p>\n\n\n\n<p><strong>Was mich motiviert:<\/strong><\/p>\n\n\n\n<p>Brennstoffzellen sind einer der Energietr\u00e4ger der Zukunft. Ich wollte immer schon ein wenig Erfahrung in diesem Bereich sammeln.<\/p>\n\n\n\n<p><\/p>\n<\/div><\/div>\n\n\n\n<hr class=\"wp-block-separator has-text-color has-background has-accent-background-color has-accent-color is-style-wide\" \/>\n\n\n\n<h2 class=\"has-text-align-center wp-block-heading\">Der Theoretiker<\/h2>\n\n\n\n<div class=\"wp-block-media-text alignwide is-stacked-on-mobile is-vertically-aligned-center\" style=\"grid-template-columns:37% auto\"><figure class=\"wp-block-media-text__media\"><img loading=\"lazy\" decoding=\"async\" width=\"692\" height=\"1024\" src=\"http:\/\/wordpress.labs.fhv.at\/brennstoffzelle\/wp-content\/uploads\/sites\/41\/2020\/06\/Foto-Thomas-692x1024.jpg\" alt=\"\" class=\"wp-image-86\" srcset=\"https:\/\/wordpress.labs.fhv.at\/brennstoffzelle\/wp-content\/uploads\/sites\/41\/2020\/06\/Foto-Thomas-692x1024.jpg 692w, https:\/\/wordpress.labs.fhv.at\/brennstoffzelle\/wp-content\/uploads\/sites\/41\/2020\/06\/Foto-Thomas-203x300.jpg 203w, https:\/\/wordpress.labs.fhv.at\/brennstoffzelle\/wp-content\/uploads\/sites\/41\/2020\/06\/Foto-Thomas-768x1137.jpg 768w, https:\/\/wordpress.labs.fhv.at\/brennstoffzelle\/wp-content\/uploads\/sites\/41\/2020\/06\/Foto-Thomas.jpg 875w\" sizes=\"auto, (max-width: 692px) 100vw, 692px\" \/><\/figure><div class=\"wp-block-media-text__content\">\n<p style=\"font-size:24px\"><strong>Thomas Drozdzik<\/strong><\/p>\n\n\n\n<p><strong>Vorstudium:<\/strong><\/p>\n\n\n\n<p>Biotechnologie, MCI Innsbruck<\/p>\n\n\n\n<p><strong>Berufserfahrung:<\/strong><\/p>\n\n\n\n<p>Forschung im Bereich Chemie und Materialwissenschaften  <\/p>\n\n\n\n<p><strong>Was mich motiviert:<\/strong><\/p>\n\n\n\n<p>Die erneuerbaren Energien als alternative zu fossilen Energietr\u00e4gern haben mich schon immer interessiert. <\/p>\n<\/div><\/div>\n\n\n\n<p><\/p>\n","protected":false},"excerpt":{"rendered":"<p>Das Projekt wird von drei lernwilligen Studenten vorangetrieben welchen eine kompetente Betreuung zur Seite steht. Der Kopf Manuel Madlener Vorstudium: Maschinenenbau &#8211; Fahrzeug Systemtechnik, DHBW Friedrichshafen Berufserfahrung: Planung von Automobil Rohbauanlagen Was mich motiviert: Die Brennstoffzellentechnologie finde ich spannend f\u00fcr zuk\u00fcnftige Antriebsl\u00f6sungen im Schwerlastverkehr und f\u00fcr dezentralen Energiespeicher in Kombination mit erneuerbaren Energien. Der T\u00fcftler [&hellip;]<\/p>\n","protected":false},"author":284,"featured_media":0,"parent":0,"menu_order":0,"comment_status":"closed","ping_status":"closed","template":"","meta":{"footnotes":""},"class_list":["post-26","page","type-page","status-publish","hentry"],"_links":{"self":[{"href":"https:\/\/wordpress.labs.fhv.at\/brennstoffzelle\/wp-json\/wp\/v2\/pages\/26","targetHints":{"allow":["GET"]}}],"collection":[{"href":"https:\/\/wordpress.labs.fhv.at\/brennstoffzelle\/wp-json\/wp\/v2\/pages"}],"about":[{"href":"https:\/\/wordpress.labs.fhv.at\/brennstoffzelle\/wp-json\/wp\/v2\/types\/page"}],"author":[{"embeddable":true,"href":"https:\/\/wordpress.labs.fhv.at\/brennstoffzelle\/wp-json\/wp\/v2\/users\/284"}],"replies":[{"embeddable":true,"href":"https:\/\/wordpress.labs.fhv.at\/brennstoffzelle\/wp-json\/wp\/v2\/comments?post=26"}],"version-history":[{"count":22,"href":"https:\/\/wordpress.labs.fhv.at\/brennstoffzelle\/wp-json\/wp\/v2\/pages\/26\/revisions"}],"predecessor-version":[{"id":114,"href":"https:\/\/wordpress.labs.fhv.at\/brennstoffzelle\/wp-json\/wp\/v2\/pages\/26\/revisions\/114"}],"wp:attachment":[{"href":"https:\/\/wordpress.labs.fhv.at\/brennstoffzelle\/wp-json\/wp\/v2\/media?parent=26"}],"curies":[{"name":"wp","href":"https:\/\/api.w.org\/{rel}","templated":true}]}}